{"id":2946,"date":"2018-08-16T16:25:56","date_gmt":"2018-08-16T16:25:56","guid":{"rendered":"http:\/\/projects.madstudio.northwestern.edu\/bauhaus-and-beyond\/?page_id=2946"},"modified":"2018-08-26T06:00:40","modified_gmt":"2018-08-26T06:00:40","slug":"2946-2","status":"publish","type":"page","link":"https:\/\/projects.madstudio.northwestern.edu\/bauhaus-and-beyond\/studentenmagazin\/northwestern-universitat-campus\/2946-2\/","title":{"rendered":"Das Music Administration Geb\u00e4ude: Historische Sch\u00f6nheit"},"content":{"rendered":"<p><span style=\"color: #ff6600;\"><em><strong>Das Music Administration Geb\u00e4ude: Historische Sch\u00f6nheit<\/strong> <\/em><\/span><br \/>\nvon Elena Spiegel (Oktober 2012)<\/p>\n<p><a href=\"https:\/\/projects.madstudio.northwestern.edu\/bauhaus-and-beyond\/wp-content\/uploads\/2018\/08\/Screen-Shot-2018-08-26-at-12.44.33-AM.png\"><img loading=\"lazy\" decoding=\"async\" class=\"size-medium wp-image-3019 alignleft\" src=\"https:\/\/projects.madstudio.northwestern.edu\/bauhaus-and-beyond\/wp-content\/uploads\/2018\/08\/Screen-Shot-2018-08-26-at-12.44.33-AM-195x300.png\" alt=\"\" width=\"195\" height=\"300\" srcset=\"https:\/\/projects.madstudio.northwestern.edu\/bauhaus-and-beyond\/wp-content\/uploads\/2018\/08\/Screen-Shot-2018-08-26-at-12.44.33-AM-195x300.png 195w, https:\/\/projects.madstudio.northwestern.edu\/bauhaus-and-beyond\/wp-content\/uploads\/2018\/08\/Screen-Shot-2018-08-26-at-12.44.33-AM-666x1024.png 666w, https:\/\/projects.madstudio.northwestern.edu\/bauhaus-and-beyond\/wp-content\/uploads\/2018\/08\/Screen-Shot-2018-08-26-at-12.44.33-AM-260x400.png 260w, https:\/\/projects.madstudio.northwestern.edu\/bauhaus-and-beyond\/wp-content\/uploads\/2018\/08\/Screen-Shot-2018-08-26-at-12.44.33-AM.png 734w\" sizes=\"auto, (max-width: 195px) 100vw, 195px\" \/><\/a>Eines der sch\u00f6nsten historischen Geb\u00e4ude auf dem Northwestern Universit\u00e4t Campus ist das Music Administration Building. Es wurde im Jahr 1871 von dem Architekten Gurdon B. Randall entworfen und wegen des Chicago Feuers erst zwei Jahre sp\u00e4ter im Jahr 1873 fertig gestellt. Gleich nach dem Brand waren die Spender unwillig, Geld in Geb\u00e4ude zu investieren. Deswegen dauerte es eine Weile, bis das Music Administration Building finanziert und endlich errichtet wurde.<\/p>\n<p>Zuerst war dieses Geb\u00e4ude als Internat f\u00fcr intellektuelle Frauen beabsichtigt. Damals konnten Frauen noch nicht an der Universit\u00e4t studieren, und es gab stattdessen kleine Hochschulen f\u00fcr Frauen. Das Frauen College von der Northwestern Universit\u00e4t hat dieses Geb\u00e4ude f\u00fcr seine Studien gegr\u00fcndet. Im Jahr 1940 wurde das Geb\u00e4ude von der Musikschule \u00fcbernommen. Jetzt funktioniert das Music Administration Building als ein Platz f\u00fcr Musikstudenten, an dem sie studieren, lernen, und \u00fcben k\u00f6nnen.&nbsp;<\/p>\n<p><a href=\"https:\/\/projects.madstudio.northwestern.edu\/bauhaus-and-beyond\/wp-content\/uploads\/2018\/08\/Screen-Shot-2018-08-26-at-12.44.58-AM.png\"><img loading=\"lazy\" decoding=\"async\" class=\"size-medium wp-image-3029 alignright\" src=\"https:\/\/projects.madstudio.northwestern.edu\/bauhaus-and-beyond\/wp-content\/uploads\/2018\/08\/Screen-Shot-2018-08-26-at-12.44.58-AM-199x300.png\" alt=\"\" width=\"199\" height=\"300\" srcset=\"https:\/\/projects.madstudio.northwestern.edu\/bauhaus-and-beyond\/wp-content\/uploads\/2018\/08\/Screen-Shot-2018-08-26-at-12.44.58-AM-199x300.png 199w, https:\/\/projects.madstudio.northwestern.edu\/bauhaus-and-beyond\/wp-content\/uploads\/2018\/08\/Screen-Shot-2018-08-26-at-12.44.58-AM-679x1024.png 679w, https:\/\/projects.madstudio.northwestern.edu\/bauhaus-and-beyond\/wp-content\/uploads\/2018\/08\/Screen-Shot-2018-08-26-at-12.44.58-AM-265x400.png 265w, https:\/\/projects.madstudio.northwestern.edu\/bauhaus-and-beyond\/wp-content\/uploads\/2018\/08\/Screen-Shot-2018-08-26-at-12.44.58-AM.png 752w\" sizes=\"auto, (max-width: 199px) 100vw, 199px\" \/><\/a>Dieses massive Geb\u00e4ude ist mit Ziegelmauerwerk gebaut und mit Stein ornamentiert. Es gilt als Beispiel des Franz\u00f6sischen Zweiten Empirischen Stils, und hat deshalb viele klassische Elemente wie z.B. S\u00e4ulen, Bogenfenster, und ein Mansarde Dach. Es gibt auch kleine Ornamente an der hellen grauen Fassade, aber die sind relativ schlicht. Das elegante Music Administration Building steht am s\u00fcdlichen Rande des Campus in einer sehr sch\u00f6nen Ecke mit vielen B\u00e4umen und Blumen. Man sieht es immer wenn man in Richtung Downtown Evanston l\u00e4uft, und oft h\u00f6rt man auch die Stimmen von Operns\u00e4ngern die oben in Studios \u00fcben!<\/p>\n<p>Obwohl es einmal ein Frauen Internat war, sieht dieses Geb\u00e4ude eigentlich passend f\u00fcr eine Musikschule aus. Weil es im alten Stil gebaut wurde, passen die Geschichte und die Auff\u00fchrungen und Konzerte der klassischen Musik wirklich gut dazu. Dass dieses Geb\u00e4ude &nbsp;\u00e4sthetisch und h\u00fcbsch aussieht ist auch nur angemessen weil Musik immer sch\u00f6n sein sollte.<\/p>\n<p><a href=\"https:\/\/projects.madstudio.northwestern.edu\/bauhaus-and-beyond\/wp-content\/uploads\/2018\/08\/Screen-Shot-2018-08-26-at-12.45.30-AM.png\"><img loading=\"lazy\" decoding=\"async\" class=\"size-medium wp-image-3026 alignleft\" src=\"https:\/\/projects.madstudio.northwestern.edu\/bauhaus-and-beyond\/wp-content\/uploads\/2018\/08\/Screen-Shot-2018-08-26-at-12.45.30-AM-197x300.png\" alt=\"\" width=\"197\" height=\"300\" srcset=\"https:\/\/projects.madstudio.northwestern.edu\/bauhaus-and-beyond\/wp-content\/uploads\/2018\/08\/Screen-Shot-2018-08-26-at-12.45.30-AM-197x300.png 197w, https:\/\/projects.madstudio.northwestern.edu\/bauhaus-and-beyond\/wp-content\/uploads\/2018\/08\/Screen-Shot-2018-08-26-at-12.45.30-AM-671x1024.png 671w, https:\/\/projects.madstudio.northwestern.edu\/bauhaus-and-beyond\/wp-content\/uploads\/2018\/08\/Screen-Shot-2018-08-26-at-12.45.30-AM-262x400.png 262w, https:\/\/projects.madstudio.northwestern.edu\/bauhaus-and-beyond\/wp-content\/uploads\/2018\/08\/Screen-Shot-2018-08-26-at-12.45.30-AM.png 742w\" sizes=\"auto, (max-width: 197px) 100vw, 197px\" \/><\/a>Durch die T\u00fcr und die Treppen hinauf findet man sich in einer gro\u00dfen lichten Eingangshalle mit einer hohen Decke. Innen gibt es f\u00fcnf Stockwerke, obwohl es sich oft wie mehr anf\u00fchlt. Es gibt viele Treppen \u00fcberall und es ist sehr leicht, beim Suchen nach Klassenzimmern verwirrt zu werden! Die ersten zwei Stockwerke haben akademische Klassenzimmer und Verwaltungsb\u00fcros und die oberen Stockwerke haben \u00dcbungsr\u00e4ume insbesondere f\u00fcr Vokalisten und Pianisten. Diese \u00dcbungsr\u00e4ume haben ein gem\u00fctliches Gef\u00fchl und sind sehr einladend, wie fast alle R\u00e4ume in MAB!<\/p>\n<p><a href=\"https:\/\/projects.madstudio.northwestern.edu\/bauhaus-and-beyond\/wp-content\/uploads\/2018\/08\/Screen-Shot-2018-08-26-at-12.45.40-AM.png\"><img loading=\"lazy\" decoding=\"async\" class=\"size-medium wp-image-3025 alignright\" src=\"https:\/\/projects.madstudio.northwestern.edu\/bauhaus-and-beyond\/wp-content\/uploads\/2018\/08\/Screen-Shot-2018-08-26-at-12.45.40-AM-300x200.png\" alt=\"\" width=\"300\" height=\"200\" srcset=\"https:\/\/projects.madstudio.northwestern.edu\/bauhaus-and-beyond\/wp-content\/uploads\/2018\/08\/Screen-Shot-2018-08-26-at-12.45.40-AM-300x200.png 300w, https:\/\/projects.madstudio.northwestern.edu\/bauhaus-and-beyond\/wp-content\/uploads\/2018\/08\/Screen-Shot-2018-08-26-at-12.45.40-AM-768x513.png 768w, https:\/\/projects.madstudio.northwestern.edu\/bauhaus-and-beyond\/wp-content\/uploads\/2018\/08\/Screen-Shot-2018-08-26-at-12.45.40-AM-1024x683.png 1024w, https:\/\/projects.madstudio.northwestern.edu\/bauhaus-and-beyond\/wp-content\/uploads\/2018\/08\/Screen-Shot-2018-08-26-at-12.45.40-AM-599x400.png 599w, https:\/\/projects.madstudio.northwestern.edu\/bauhaus-and-beyond\/wp-content\/uploads\/2018\/08\/Screen-Shot-2018-08-26-at-12.45.40-AM.png 1690w\" sizes=\"auto, (max-width: 300px) 100vw, 300px\" \/><\/a>Das Music Administration Building ist ein wichtiger historischer Teil dieses Campus. In der Geschichte von Evanston und Northwestern ist das Geb\u00e4ude interessant weil es alte Br\u00e4uche und abgelaufene Traditionen repr\u00e4sentiert. Es lohnt sich aber auch im Kontext der zeitgen\u00f6ssischen Studien, obwohl die Architektur im alten Stil ist. Sie bauen jetzt ein neues Musik Geb\u00e4ude am See, das sehr modern und sch\u00f6n sein sollte, aber ich hoffe, dass das Music Administration Geb\u00e4ude immer noch in 20 Jahren da steht!<\/p>\n","protected":false},"excerpt":{"rendered":"<p>Das Music Administration Geb\u00e4ude: Historische Sch\u00f6nheit von Elena Spiegel (Oktober 2012) Eines der sch\u00f6nsten historischen Geb\u00e4ude auf dem Northwestern Universit\u00e4t Campus ist das Music Administration Building. Es wurde im Jahr 1871 von dem Architekten Gurdon B. Randall entworfen und wegen des Chicago Feuers erst zwei Jahre sp\u00e4ter im Jahr 1873 fertig gestellt. Gleich nach dem [&hellip;]<\/p>\n","protected":false},"author":4,"featured_media":0,"parent":1784,"menu_order":0,"comment_status":"closed","ping_status":"closed","template":"","meta":{"footnotes":""},"class_list":["post-2946","page","type-page","status-publish","hentry"],"_links":{"self":[{"href":"https:\/\/projects.madstudio.northwestern.edu\/bauhaus-and-beyond\/wp-json\/wp\/v2\/pages\/2946","targetHints":{"allow":["GET"]}}],"collection":[{"href":"https:\/\/projects.madstudio.northwestern.edu\/bauhaus-and-beyond\/wp-json\/wp\/v2\/pages"}],"about":[{"href":"https:\/\/projects.madstudio.northwestern.edu\/bauhaus-and-beyond\/wp-json\/wp\/v2\/types\/page"}],"author":[{"embeddable":true,"href":"https:\/\/projects.madstudio.northwestern.edu\/bauhaus-and-beyond\/wp-json\/wp\/v2\/users\/4"}],"replies":[{"embeddable":true,"href":"https:\/\/projects.madstudio.northwestern.edu\/bauhaus-and-beyond\/wp-json\/wp\/v2\/comments?post=2946"}],"version-history":[{"count":4,"href":"https:\/\/projects.madstudio.northwestern.edu\/bauhaus-and-beyond\/wp-json\/wp\/v2\/pages\/2946\/revisions"}],"predecessor-version":[{"id":3030,"href":"https:\/\/projects.madstudio.northwestern.edu\/bauhaus-and-beyond\/wp-json\/wp\/v2\/pages\/2946\/revisions\/3030"}],"up":[{"embeddable":true,"href":"https:\/\/projects.madstudio.northwestern.edu\/bauhaus-and-beyond\/wp-json\/wp\/v2\/pages\/1784"}],"wp:attachment":[{"href":"https:\/\/projects.madstudio.northwestern.edu\/bauhaus-and-beyond\/wp-json\/wp\/v2\/media?parent=2946"}],"curies":[{"name":"wp","href":"https:\/\/api.w.org\/{rel}","templated":true}]}}