{"id":2973,"date":"2018-08-16T22:28:12","date_gmt":"2018-08-16T22:28:12","guid":{"rendered":"http:\/\/projects.madstudio.northwestern.edu\/bauhaus-and-beyond\/?page_id=2973"},"modified":"2018-08-29T22:26:57","modified_gmt":"2018-08-29T22:26:57","slug":"scott-hall","status":"publish","type":"page","link":"https:\/\/projects.madstudio.northwestern.edu\/bauhaus-and-beyond\/studentenmagazin\/northwestern-universitat-campus\/scott-hall\/","title":{"rendered":"Scott Hall &#8211; das Verm\u00e4chtnis einer Institution"},"content":{"rendered":"<p><span style=\"color: #ff6600;\"><em><strong>Scott Hall: Das Verm\u00e4chtnis einer Institution<\/strong> <\/em><\/span><br \/>\nvon Xander Tapling (Oktober 2012)<\/p>\n<p>1938. Das Dritte Reich nahm \u00d6sterreich in den Anschluss auf und Italien, Gro\u03b2britannien, Frankreich und Deutschland unterzeichneten das M\u00fcnchner Abkommen. Jenseits des Atlantischen Ozeans waren diese Probleme noch nicht in die Wahrnehmung der Amerikaner gelangt. In Evanston h\u00f6rten die Studenten und Lehrk\u00f6rper andere Nachrichten: ihr Universit\u00e4tspr\u00e4sident, Walter Dill Scott, wollte in den Ruhestand gehen. Angesichts dieser Entwicklung beschloss Northwestern Universit\u00e4t, dass sie ein Geb\u00e4ude, das Pr\u00e4sident Scott gewidmet werden sollte, bauen wird. Diese Idee war sehr popul\u00e4r, weil Herr Scott sehr beliebt war, und das Geb\u00e4ude wurde 1940 fertiggestellt.<\/p>\n<p>Dieses Geb\u00e4ude, das im Gotik-Stil und mit Lannon Stein gebaut war, diente zwischen 1940 bis 1970 als Studentenzentrum. Es wurde mit dem Vorhaben gebaut, die ganze Seefront zu transformieren. Das elegante Design war von James Gamble Rogers erschaffen: die historischen Bauteile gehen auf die Amtszeit Pr\u00e4sident Scotts zur\u00fcck. Scott Hall ist kunstvoll und stark, ein Denkmal, das an Pr\u00e4sident Scott erinnert. Die vier Stockwerke (von dem Keller bis zur Spitze) haben ihre verschiedenen, einzelnen Funktionen. \u201eStudent Services\u201c im Keller, die \u201eGuild Lounge\u201c auf dem zweiten Stock, und die politikwissenschaftliche Fakult\u00e4t in den anderen Stockwerken repr\u00e4sentieren die mannigfaltigen Schwerpunkte einer Universit\u00e4t. Das Geb\u00e4ude, das in dem gleichen Stil wie die Deering Library geplant war, steht als ein rechteckiges Symbol f\u00fcr die standhafte, gemeinschaftliche Mission der Northwestern University, die repr\u00e4sentativ f\u00fcr die Amtszeit Scotts war.<\/p>\n<p>Scott Hall, die ruhige Schildwache, die \u00fcber den Weber Arch wacht, ist eines der wichtigsten Geb\u00e4ude auf demn Evanston Campus Northwesterns. Es ist nicht nur die Heimat f\u00fcr die politische Fakult\u00e4t und nicht nur ein Denkmal, sondern es steht f\u00fcr ein Versprechen. Ein Versprechen des Einsatzes f\u00fcr die Zukunft die Studenten und Traditionen an dieser Universit\u00e4t. Ein Versprechen, das jetzt 82 Jahre alt ist und noch viel l\u00e4nger anhalten wird.<\/p>\n","protected":false},"excerpt":{"rendered":"<p>Scott Hall: Das Verm\u00e4chtnis einer Institution von Xander Tapling (Oktober 2012) 1938. Das Dritte Reich nahm \u00d6sterreich in den Anschluss auf und Italien, Gro\u03b2britannien, Frankreich und Deutschland unterzeichneten das M\u00fcnchner Abkommen. Jenseits des Atlantischen Ozeans waren diese Probleme noch nicht in die Wahrnehmung der Amerikaner gelangt. In Evanston h\u00f6rten die Studenten und Lehrk\u00f6rper andere Nachrichten: [&hellip;]<\/p>\n","protected":false},"author":4,"featured_media":0,"parent":1784,"menu_order":0,"comment_status":"closed","ping_status":"closed","template":"","meta":{"footnotes":""},"class_list":["post-2973","page","type-page","status-publish","hentry"],"_links":{"self":[{"href":"https:\/\/projects.madstudio.northwestern.edu\/bauhaus-and-beyond\/wp-json\/wp\/v2\/pages\/2973","targetHints":{"allow":["GET"]}}],"collection":[{"href":"https:\/\/projects.madstudio.northwestern.edu\/bauhaus-and-beyond\/wp-json\/wp\/v2\/pages"}],"about":[{"href":"https:\/\/projects.madstudio.northwestern.edu\/bauhaus-and-beyond\/wp-json\/wp\/v2\/types\/page"}],"author":[{"embeddable":true,"href":"https:\/\/projects.madstudio.northwestern.edu\/bauhaus-and-beyond\/wp-json\/wp\/v2\/users\/4"}],"replies":[{"embeddable":true,"href":"https:\/\/projects.madstudio.northwestern.edu\/bauhaus-and-beyond\/wp-json\/wp\/v2\/comments?post=2973"}],"version-history":[{"count":3,"href":"https:\/\/projects.madstudio.northwestern.edu\/bauhaus-and-beyond\/wp-json\/wp\/v2\/pages\/2973\/revisions"}],"predecessor-version":[{"id":2976,"href":"https:\/\/projects.madstudio.northwestern.edu\/bauhaus-and-beyond\/wp-json\/wp\/v2\/pages\/2973\/revisions\/2976"}],"up":[{"embeddable":true,"href":"https:\/\/projects.madstudio.northwestern.edu\/bauhaus-and-beyond\/wp-json\/wp\/v2\/pages\/1784"}],"wp:attachment":[{"href":"https:\/\/projects.madstudio.northwestern.edu\/bauhaus-and-beyond\/wp-json\/wp\/v2\/media?parent=2973"}],"curies":[{"name":"wp","href":"https:\/\/api.w.org\/{rel}","templated":true}]}}