{"id":37,"date":"2013-05-15T18:44:43","date_gmt":"2013-05-15T18:44:43","guid":{"rendered":"http:\/\/projects.madstudio.northwestern.edu\/bauhaus-and-beyond\/?page_id=37"},"modified":"2018-10-11T17:12:35","modified_gmt":"2018-10-11T17:12:35","slug":"studentenmagazin","status":"publish","type":"page","link":"https:\/\/projects.madstudio.northwestern.edu\/bauhaus-and-beyond\/studentenmagazin\/","title":{"rendered":"Studentenmagazin"},"content":{"rendered":"<p><img loading=\"lazy\" decoding=\"async\" class=\" wp-image-1733 alignright\" title=\"Studenten\" src=\"https:\/\/projects.madstudio.northwestern.edu\/bauhaus-and-beyond\/wp-content\/uploads\/2014\/03\/s2002groupnew1-copy-2.jpg\" alt=\"\" width=\"320\" height=\"240\" srcset=\"https:\/\/projects.madstudio.northwestern.edu\/bauhaus-and-beyond\/wp-content\/uploads\/2014\/03\/s2002groupnew1-copy-2.jpg 400w, https:\/\/projects.madstudio.northwestern.edu\/bauhaus-and-beyond\/wp-content\/uploads\/2014\/03\/s2002groupnew1-copy-2-300x225.jpg 300w\" sizes=\"auto, (max-width: 320px) 100vw, 320px\" \/>Hier finden Sie Artikel, Videos, Projekte, und Pr\u00e4sentationen von Studierenden zum Thema deutsch-amerikanischer Architektur.<\/p>\n<p>&nbsp;<\/p>\n<table>\n<tbody>\n<tr>\n<td>representative image<\/td>\n<td><a href=\"https:\/\/projects.madstudio.northwestern.edu\/bauhaus-and-beyond\/studentenmagazin\/northwestern-universitat-campus\/\">Geb\u00e4ude auf dem Northwestern Universit\u00e4t Campus<\/a><\/td>\n<\/tr>\n<tr>\n<td>representative image<\/td>\n<td><a href=\"https:\/\/projects.madstudio.northwestern.edu\/bauhaus-and-beyond\/studentenmagazin\/gebaude-in-chicago-und-umgebung\/\">Geb\u00e4ude in Chicago und Umgebung<\/a><\/td>\n<\/tr>\n<tr>\n<td>representative image<\/td>\n<td><a href=\"https:\/\/projects.madstudio.northwestern.edu\/bauhaus-and-beyond\/studentenmagazin\/gebaude-in-deutschland\/\">Geb\u00e4ude in Deutschland<\/a><\/td>\n<\/tr>\n<tr>\n<td>representative image<\/td>\n<td><a title=\"Artikel \u00fcber besondere Veranstaltungen\" href=\"https:\/\/projects.madstudio.northwestern.edu\/bauhaus-and-beyond\/studentenmagazin\/artikel-uber-besondere-veranstaltungen\/\">Artikel \u00fcber besondere Veranstaltungen<\/a><\/td>\n<\/tr>\n<tr>\n<td>representative image<\/td>\n<td><a href=\"https:\/\/projects.madstudio.northwestern.edu\/bauhaus-and-beyond\/studentenmagazin\/biografien\/\">Biografien<\/a><\/td>\n<\/tr>\n<\/tbody>\n<\/table>\n","protected":false},"excerpt":{"rendered":"<p>Hier finden Sie Artikel, Videos, Projekte, und Pr\u00e4sentationen von Studierenden zum Thema deutsch-amerikanischer Architektur. &nbsp; representative image Geb\u00e4ude auf dem Northwestern Universit\u00e4t Campus representative image Geb\u00e4ude in Chicago und Umgebung representative image Geb\u00e4ude in Deutschland representative image Artikel \u00fcber besondere Veranstaltungen representative image Biografien<\/p>\n","protected":false},"author":1,"featured_media":0,"parent":0,"menu_order":3,"comment_status":"open","ping_status":"closed","template":"","meta":{"footnotes":""},"class_list":["post-37","page","type-page","status-publish","hentry"],"_links":{"self":[{"href":"https:\/\/projects.madstudio.northwestern.edu\/bauhaus-and-beyond\/wp-json\/wp\/v2\/pages\/37","targetHints":{"allow":["GET"]}}],"collection":[{"href":"https:\/\/projects.madstudio.northwestern.edu\/bauhaus-and-beyond\/wp-json\/wp\/v2\/pages"}],"about":[{"href":"https:\/\/projects.madstudio.northwestern.edu\/bauhaus-and-beyond\/wp-json\/wp\/v2\/types\/page"}],"author":[{"embeddable":true,"href":"https:\/\/projects.madstudio.northwestern.edu\/bauhaus-and-beyond\/wp-json\/wp\/v2\/users\/1"}],"replies":[{"embeddable":true,"href":"https:\/\/projects.madstudio.northwestern.edu\/bauhaus-and-beyond\/wp-json\/wp\/v2\/comments?post=37"}],"version-history":[{"count":27,"href":"https:\/\/projects.madstudio.northwestern.edu\/bauhaus-and-beyond\/wp-json\/wp\/v2\/pages\/37\/revisions"}],"predecessor-version":[{"id":3177,"href":"https:\/\/projects.madstudio.northwestern.edu\/bauhaus-and-beyond\/wp-json\/wp\/v2\/pages\/37\/revisions\/3177"}],"wp:attachment":[{"href":"https:\/\/projects.madstudio.northwestern.edu\/bauhaus-and-beyond\/wp-json\/wp\/v2\/media?parent=37"}],"curies":[{"name":"wp","href":"https:\/\/api.w.org\/{rel}","templated":true}]}}